{"id":605,"date":"2018-11-08T10:55:04","date_gmt":"2018-11-08T09:55:04","guid":{"rendered":"https:\/\/www.districolor.fr\/blog\/?page_id=605"},"modified":"2019-04-24T15:03:10","modified_gmt":"2019-04-24T13:03:10","slug":"peinture-trimetal","status":"publish","type":"page","link":"https:\/\/www.districolor.fr\/blog\/peinture-trimetal\/","title":{"rendered":"La gamme des peintures Trimetal"},"content":{"rendered":"<p><section class=\"kc-elm kc-css-106061 kc_row\"><div class=\"kc-row-container  kc-container\"><div class=\"kc-wrap-columns\"><div class=\"kc-elm kc-css-736103 kc_col-sm-12 kc_column kc_col-sm-12\"><div class=\"kc-col-container\"><div class=\"kc-elm kc-css-678290 kc_text_block\"><\/p>\n<p>\nTrimetal, est une marque du groupe AKZO NOBEL, qui propose une gamme compl\u00e8te de peintures professionnelles pour tous travaux neuf ou de r\u00e9novation, et plus sp\u00e9cifiquement pour le traitement des fa\u00e7ades ext\u00e9rieures, les peintures int\u00e9rieures murales et plafonds ainsi que les peintures boiseries, m\u00e9taux et sols. TRIMETAL s&#039;inscrit dans une d\u00e9marche de d\u00e9veloppement durable afin de ma\u00eetriser l&#039;impact des peintures sur la sant\u00e9 et l&#039;environnement.<\/p>\n<p>Retrouvez ci-dessous notre s\u00e9lection des produits TRIMETAL.<\/p>\n<p>\n<\/div><\/div><\/div><\/div><\/div><\/section><section class=\"kc-elm kc-css-782907 kc_row\"><div class=\"kc-row-container  kc-container\"><div class=\"kc-wrap-columns\"><div class=\"kc-elm kc-css-691853 kc_col-sm-4 kc_column kc_col-sm-4\"><div class=\"kc-col-container\"><div class=\"kc-elm kc-css-158676 kc_shortcode kc_single_image\">\n\n        <a  href=\"https:\/\/districolor.hastone-be.fr\/fr\/peinture-par-univers\/peinture-plafond-11557.html?filtre=TRIMETAL\" title=\"\" target=\"_self\">\n        <img src=\"https:\/\/www.districolor.fr\/blog\/wp-content\/uploads\/2018\/11\/Trimetal-Peinture-Plafond.jpg\" class=\"\" alt=\"Peinture Plafond Trimetal\" \/>    <\/a>\n    <\/div>\n<\/div><\/div><div class=\"kc-elm kc-css-520350 kc_col-sm-4 kc_column kc_col-sm-4\"><div class=\"kc-col-container\"><div class=\"kc-elm kc-css-747571 kc_shortcode kc_single_image\">\n\n        <a  href=\"https:\/\/districolor.hastone-be.fr\/fr\/peinture-par-univers\/peinture-mur-interieur-15767.html?filtre=TRIMETAL\" title=\"\" target=\"_self\">\n        <img src=\"https:\/\/www.districolor.fr\/blog\/wp-content\/uploads\/2018\/11\/Trimetal-Peinture-Mur.jpg\" class=\"\" alt=\"Peinture mur Trimetal\" \/>    <\/a>\n    <\/div>\n<\/div><\/div><div class=\"kc-elm kc-css-617336 kc_col-sm-4 kc_column kc_col-sm-4\"><div class=\"kc-col-container\"><div class=\"kc-elm kc-css-663507 kc_shortcode kc_single_image\">\n\n        <a  href=\"https:\/\/districolor.hastone-be.fr\/fr\/peinture-par-univers\/peinture-mur-interieur-15767.html?filtre=TRIMETAL\" title=\"\" target=\"_self\">\n        <img src=\"https:\/\/www.districolor.fr\/blog\/wp-content\/uploads\/2018\/11\/Trimetal-Peinture-Porte-interieure.jpg\" class=\"\" alt=\"Peinture porte int\u00e9rieure Trimetal\" \/>    <\/a>\n    <\/div>\n<\/div><\/div><\/div><\/div><\/section><section class=\"kc-elm kc-css-448653 kc_row\"><div class=\"kc-row-container  kc-container\"><div class=\"kc-wrap-columns\"><div class=\"kc-elm kc-css-671026 kc_col-sm-12 kc_column kc_col-sm-12\"><div class=\"kc-col-container\"><div class=\"kc-elm kc-css-433392\" style=\"height: 30px; clear: both; width:100%;\"><\/div><\/div><\/div><\/div><\/div><\/section><section class=\"kc-elm kc-css-483768 kc_row\"><div class=\"kc-row-container  kc-container\"><div class=\"kc-wrap-columns\"><div class=\"kc-elm kc-css-398562 kc_col-sm-4 kc_column kc_col-sm-4\"><div class=\"kc-col-container\"><div class=\"kc-elm kc-css-51905 kc_shortcode kc_single_image\">\n\n        <a  href=\"https:\/\/districolor.hastone-be.fr\/fr\/peinture-par-univers\/peinture-pour-porte-d-entree-11558.html?filtre=TRIMETAL\" title=\"\" target=\"_self\">\n        <img src=\"https:\/\/www.districolor.fr\/blog\/wp-content\/uploads\/2018\/11\/Trimetal-Peinture-Porte-exterieure.jpg\" class=\"\" alt=\"Trimetal Peinture porte ext\u00e9rieure\" \/>    <\/a>\n    <\/div>\n<\/div><\/div><div class=\"kc-elm kc-css-860543 kc_col-sm-4 kc_column kc_col-sm-4\"><div class=\"kc-col-container\"><div class=\"kc-elm kc-css-191053 kc_shortcode kc_single_image\">\n\n        <img src=\"https:\/\/www.districolor.fr\/blog\/wp-content\/uploads\/2018\/11\/Trimetal-Peinture-facade-impression.jpg\" class=\"\" alt=\"Peinture impression fa\u00e7ade trimetal\" \/>    <\/div>\n<\/div><\/div><div class=\"kc-elm kc-css-796909 kc_col-sm-4 kc_column kc_col-sm-4\"><div class=\"kc-col-container\"><div class=\"kc-elm kc-css-74563 kc_shortcode kc_single_image\">\n\n        <img src=\"https:\/\/www.districolor.fr\/blog\/wp-content\/uploads\/2018\/11\/Trimetal-Peinture-facade-impression.jpg\" class=\"\" alt=\"Peinture impression fa\u00e7ade trimetal\" \/>    <\/div>\n<\/div><\/div><\/div><\/div><\/section><section class=\"kc-elm kc-css-644247 kc_row\"><div class=\"kc-row-container  kc-container\"><div class=\"kc-wrap-columns\"><div class=\"kc-elm kc-css-529049 kc_col-sm-12 kc_column kc_col-sm-12\"><div class=\"kc-col-container\"><div class=\"kc-elm kc-css-510819\" style=\"height: 30px; clear: both; width:100%;\"><\/div><\/div><\/div><\/div><\/div><\/section><section class=\"kc-elm kc-css-401729 kc_row\"><div class=\"kc-row-container  kc-container\"><div class=\"kc-wrap-columns\"><div class=\"kc-elm kc-css-750072 kc_col-sm-4 kc_column kc_col-sm-4\"><div class=\"kc-col-container\"><div class=\"kc-elm kc-css-39303 kc_shortcode kc_single_image\">\n\n        <a  href=\"https:\/\/districolor.hastone-be.fr\/fr\/peinture-par-univers\/sous-couche-bois-15854.html?filtre=TRIMETAL\" title=\"\" target=\"_self\">\n        <img src=\"https:\/\/www.districolor.fr\/blog\/wp-content\/uploads\/2018\/11\/Trimetal-Sous-Couche-Bois.jpg\" class=\"\" alt=\"Trimetal Peinture sous couche bois\" \/>    <\/a>\n    <\/div>\n<\/div><\/div><div class=\"kc-elm kc-css-880803 kc_col-sm-4 kc_column kc_col-sm-4\"><div class=\"kc-col-container\"><div class=\"kc-elm kc-css-285124 kc_shortcode kc_single_image\">\n\n        <a  href=\"https:\/\/districolor.hastone-be.fr\/fr\/peinture-par-univers\/chalet-et-cabanon-bois-15856.html?filtre=TRIMETAL\" title=\"\" target=\"_self\">\n        <img src=\"https:\/\/www.districolor.fr\/blog\/wp-content\/uploads\/2018\/11\/Trimetal-Chalet-cabanon.jpg\" class=\"\" alt=\"Lasure Trimetal\" \/>    <\/a>\n    <\/div>\n<\/div><\/div><div class=\"kc-elm kc-css-704695 kc_col-sm-4 kc_column kc_col-sm-4\"><div class=\"kc-col-container\"><div class=\"kc-elm kc-css-755490 kc_shortcode kc_single_image\">\n\n        <a  href=\"https:\/\/districolor.hastone-be.fr\/fr\/peinture-par-univers\/peinture-pour-garage-11554.html?filtre=TRIMETAL\" title=\"\" target=\"_self\">\n        <img src=\"https:\/\/www.districolor.fr\/blog\/wp-content\/uploads\/2018\/11\/Trimetal-Peinture-sol-garage.jpg\" class=\"\" alt=\"Peinture sol Trimetal\" \/>    <\/a>\n    <\/div>\n<\/div><\/div><\/div><\/div><\/section><section class=\"kc-elm kc-css-241208 kc_row\"><div class=\"kc-row-container  kc-container\"><div class=\"kc-wrap-columns\"><div class=\"kc-elm kc-css-823509 kc_col-sm-12 kc_column kc_col-sm-12\"><div class=\"kc-col-container\"><div class=\"kc-elm kc-css-851663\" style=\"height: 30px; clear: both; width:100%;\"><\/div><\/div><\/div><\/div><\/div><\/section><section class=\"kc-elm kc-css-350111 kc_row\"><div class=\"kc-row-container  kc-container\"><div class=\"kc-wrap-columns\"><div class=\"kc-elm kc-css-437834 kc_col-sm-4 kc_column kc_col-sm-4\"><div class=\"kc-col-container\"><div class=\"kc-elm kc-css-596142 kc_shortcode kc_single_image\">\n\n        <a  href=\"https:\/\/districolor.hastone-be.fr\/fr\/peinture-par-univers\/peinture-metaux-antirouille-15859.html?filtre=TRIMETAL\" title=\"\" target=\"_self\">\n        <img src=\"https:\/\/www.districolor.fr\/blog\/wp-content\/uploads\/2018\/11\/Trimetal-Peinture-metaux-antirouille.jpg\" class=\"\" alt=\"Trimetal Peinture m\u00e9tal Anti rouille\" \/>    <\/a>\n    <\/div>\n<\/div><\/div><div class=\"kc-elm kc-css-991963 kc_col-sm-4 kc_column kc_col-sm-4\"><div class=\"kc-col-container\"><\/div><\/div><div class=\"kc-elm kc-css-711188 kc_col-sm-4 kc_column kc_col-sm-4\"><div class=\"kc-col-container\"><\/div><\/div><\/div><\/div><\/section><\/p>\n","protected":false},"excerpt":{"rendered":"","protected":false},"author":7,"featured_media":0,"parent":0,"menu_order":300,"comment_status":"closed","ping_status":"closed","template":"","meta":[],"_links":{"self":[{"href":"https:\/\/www.districolor.fr\/blog\/wp-json\/wp\/v2\/pages\/605"}],"collection":[{"href":"https:\/\/www.districolor.fr\/blog\/wp-json\/wp\/v2\/pages"}],"about":[{"href":"https:\/\/www.districolor.fr\/blog\/wp-json\/wp\/v2\/types\/page"}],"author":[{"embeddable":true,"href":"https:\/\/www.districolor.fr\/blog\/wp-json\/wp\/v2\/users\/7"}],"replies":[{"embeddable":true,"href":"https:\/\/www.districolor.fr\/blog\/wp-json\/wp\/v2\/comments?post=605"}],"version-history":[{"count":6,"href":"https:\/\/www.districolor.fr\/blog\/wp-json\/wp\/v2\/pages\/605\/revisions"}],"predecessor-version":[{"id":799,"href":"https:\/\/www.districolor.fr\/blog\/wp-json\/wp\/v2\/pages\/605\/revisions\/799"}],"wp:attachment":[{"href":"https:\/\/www.districolor.fr\/blog\/wp-json\/wp\/v2\/media?parent=605"}],"curies":[{"name":"wp","href":"https:\/\/api.w.org\/{rel}","templated":true}]}}